 5 - 3. Suppose 2*d + 0*y = -y + 40, -40 = -z*d + 2*y. Calculate the remainder when 57 is divided by d.
17
Let j = 22 - 19. Calculate the remainder when 3 is divided by j.
0
Suppose -x = -5*x - 12. Suppose -3*q + 10 = -5. What is the remainder when q is divided by x/2 - 21/(-6)?
1
Suppose 5*o + 38 = 3*t, 5*t = -6*o + 3*o + 52. Calculate the remainder when (-212)/(-5) + 10/(-25) is divided by t.
9
Suppose 0*n = n - 48. Let y = n + -7. Calculate the remainder when y is divided by 21.
20
Let t(z) be the third derivative of -z**6/20 + z**5/20 + 5*z**4/24 - z**3/2 - z**2. Let s be t(3). What is the remainder when 25 is divided by s/(-9) + (-2)/3?
12
Suppose 2*g + 26 + 0 = 0. Let l = -4 - g. What is the remainder when 24 is divided by l?
6
Let k = -78 + 90. Let h = 53 + -31. What is the remainder when h is divided by k?
10
Suppose -3*i = -3*w + 57 + 111, 4*w = -3*i + 231. Let r = 81 - 66. What is the remainder when w is divided by r?
12
Calculate the remainder when -4 - (-6 + 1) - (-1 + -22) is divided by 14.
10
Let x = 158 + -89. What is the remainder when x is divided by 12?
9
Suppose 140 = 5*r - 205. Calculate the remainder when r is divided by 20.
9
Let x be 2/(-7) - 132/28. Let b = x - -6. Suppose -5*z = -0*z - 5. What is the remainder when z is divided by b?
0
Suppose -4*g + 16 = -0*g. Let s(o) = 2*o - 3. Let z be s(g). Suppose -i + 3*i + 1 = -f, 0 = -4*f - z*i + 11. Calculate the remainder when 25 is divided by f.
7
Suppose 5*p + 8 = 128. Suppose -3*q + 3 = -2*n + 2*q, 2*n = -4*q + p. Let s = 8 + -4. Calculate the remainder when n is divided by s.
2
Suppose 3*a - 440 = 145. Let j = a - 134. Calculate the remainder when j is divided by 21.
19
Suppose 7*a - 117 = -5*y + 4*a, 5*y - 97 = 2*a. What is the remainder when 79 is divided by y?
16
Suppose 6 - 52 = 2*x. Let r = x + 5. Calculate the remainder when (-400)/r + 2/(-9) is divided by 8.
6
Suppose 2*n + 0 = 64. What is the remainder when 127 is divided by n?
31
Let h(p) = p + 3. Suppose 2*k + 14 = -0*k + 2*u, -2*k + 5*u = 29. Let o = k + 7. Calculate the remainder when h(6) is divided by o.
4
Suppose -4*d + 9 = -7*d, 0 = 4*w - d - 27. Let y = -2 + w. Let x = -6 + 8. What is the remainder when y is divided by x?
0
What is the remainder when 23 + 2 - (-1 + 0) is divided by 8?
2
Suppose p - 2*p = 2. Let n be 0/(-3) + p + 10. Suppose n = 6*q - 4*q, -27 = -3*s - 3*q. Calculate the remainder when s is divided by 3.
2
What is the remainder when ((-2 - -3)*-43)/(3/(-6)) is divided by 25?
11
Let o be (-8)/36 - 857/(-9). Suppose o = 5*b - 60. Calculate the remainder when b is divided by 11.
9
Suppose 0*l - 2*l = 3*v - 67, 5*v = 5. Suppose -3*i = -5*i + l. What is the remainder when 46 is divided by i?
14
Let z = -36 - -44. What is the remainder when (2/4)/(1/58) is divided by z?
5
Let d(t) = t + 1. Let p = 0 + 4. What is the remainder when d(6) is divided by p?
3
Suppose -2*j + 3 = -j. What is the remainder when (18/j)/(-2) + 22 is divided by 10?
9
Let j = -2 - -15. Suppose -2 = -t - 0. Suppose 0 = y + t*y - 111. Calculate the remainder when y is divided by j.
11
Let p(v) = -v**3 - 9*v**2 - 7*v + 8. Let u be p(-8). Suppose u = -2*d - d + j + 82, 5*j - 66 = -2*d. What is the remainder when 55 is divided by d?
27
Suppose -3*t - 6 = 0, 0*t + 8 = 5*d + t. Let h(g) = -g**3 + 5*g**2 - g. Calculate the remainder when 39 is divided by h(d).
9
Suppose -64 = -4*a - 0. Suppose h - p - 36 = -3*h, 0 = -h + 3*p + 9. What is the remainder when a is divided by h?
7
Let s(l) = -6*l**3 + 2*l**2 - l + 8. Let k(d) = d**3 + d**2 - d. Let b(g) = 5*k(g) + s(g). What is the remainder when b(4) is divided by 12?
8
Let d be 2*1/2 + -1. What is the remainder when ((-23 - d)*-2)/1 is divided by ((-12)/(-1))/(3/4)?
14
Suppose 4*j + 9 = p - 27, 3*p + 4*j = 92. Calculate the remainder when p is divided by 18.
14
Let g(p) = -p - 3. Let i be g(-3). Suppose i*x - 5*x + 30 = 0. Let o(k) = 3*k + 5. Calculate the remainder when o(4) is divided by x.
5
Let v = -14 - -26. Suppose -3 = q - v. Calculate the remainder when 26 is divided by q.
8
Suppose 8*g = 504 + 40. What is the remainder when g is divided by 35?
33
Suppose 6*l - 12 = 2*l. Suppose -l*g + 7*g = 76. What is the remainder when g is divided by 7?
5
Suppose 7*k - 736 = 3*k. Calculate the remainder when k is divided by 37.
36
Let c = 26 + -2. What is the remainder when 91 is divided by c?
19
Let r(y) = -11*y + 59. Calculate the remainder when 9 is divided by r(5).
1
Let s = 31 - 18. Calculate the remainder when s is divided by 7 - 1 - -2 - 0.
5
Let o = 128 - 112. What is the remainder when o is divided by 9?
7
Let j = -9 + 9. Suppose 3*v = -j*v + 36. Calculate the remainder when 23 is divided by v.
11
Let b = 62 - 52. Calculate the remainder when 46 is divided by b.
6
Let a be 5/(2/(-4)*-2). What is the remainder when 23/a - 6/(-15) is divided by -1*6/(-2) + 1?
1
Let c = 77 - 55. Calculate the remainder when c is divided by 12.
10
Suppose -4 = -l - 1. Let k be (l/9)/(2/18). Suppose k*x - 13 = -1. What is the remainder when 10 is divided by x?
2
What is the remainder when 46*-1*(-19)/19 is divided by 6?
4
Let j = 56 - 43. What is the remainder when 60 is divided by j?
8
What is the remainder when -1*99*(-1 + 3 - 3) is divided by 20?
19
Suppose 236 = 5*k - 3*z, 0 = -3*z + 4*z - 3. Calculate the remainder when 145 is divided by k.
47
What is the remainder when -3*((-96)/9 + -2) is divided by (-1)/2 + (-54)/(-4)?
12
Let h = 20 - 11. What is the remainder when 16 is divided by 2/h - 104/(-18)?
4
Suppose -2*z = -3*y - 148, -y - 208 = -5*z + 162. Calculate the remainder when z is divided by 2/(308/100 + -3).
24
Calculate the remainder when 6/8 + 265/20 is divided by 8.
6
Suppose -3*s + 68 = -u, -3*s - 2*u + 82 - 29 = 0. Calculate the remainder when s is divided by 11.
10
Suppose 0 = -u - 30 + 35. What is the remainder when u is divided by 4?
1
Suppose -5*w + 62 = 2*r, 0 = -2*w - r + 7 + 17. Calculate the remainder when w is divided by 8.
6
Let b(w) = -3*w**3 - 2*w - 3. Let v be b(-2). Let k = 2 + v. What is the remainder when 105 is divided by k?
24
Let r be 1 - ((-1 - -1) + 1). Suppose 0 = -3*f + 5 - 11. Calculate the remainder when 40 is divided by r + 0 + f + 16.
12
Let x = -3 + 6. What is the remainder when (4/(-6))/(8/(-84)) is divided by x?
1
Let q(c) = -8*c - 5. Let v = 21 - 14. Calculate the remainder when q(-4) is divided by v.
6
Let s(f) = -7*f - 46. What is the remainder when 16 is divided by s(-7)?
1
Suppose 0 = -3*w - 15, -5*b - 3*w + 720 = 2*w. What is the remainder when b is divided by 38?
35
What is the remainder when 51 is divided by (15/12)/((-1)/(-20))?
1
Let k = -14 - -26. Suppose -7*f = -4*f - 4*s - 29, -f = -5*s - 17. What is the remainder when k is divided by f?
5
Suppose 435 = 4*r + 2*k + 71, k = -4*r + 368. What is the remainder when r is divided by 32?
29
Suppose -a - 14*a + 285 = 0. Calculate the remainder when 72 is divided by a.
15
Let b = 140 - 128. What is the remainder when 41 is divided by b?
5
What is the remainder when 44 is divided by 1/(9/18 - 11/24)?
20
Suppose 3*m = 2*t - 0*t - 21, t - 3*m = 6. Calculate the remainder when 74 is divided by t.
14
Suppose 146 = 5*a + 2*t, -2*a - 4*t = -a - 40. What is the remainder when a is divided by 15?
13
Suppose 2*i - 18 = -4*l, -3*l - 2*i = -16 + 2. Suppose -u - 75 = -l*u. Calculate the remainder when u is divided by 7.
4
Suppose 8 = 2*m - 28. What is the remainder when 107 is divided by m?
17
Let u = 75 - 46. Let o(l) = -l**3 + 5*l**2 + 9*l - 10. Suppose 0 = 2*j - 3*j + 2*d - 2, -5*j - 3*d + 42 = 0. Calculate the remainder when u is divided by o(j).
5
Let l = -24 - -22. What is the remainder when (-22 - l)/(8/(-12)) is divided by 16?
14
Suppose -8*f - 11 = -9*f. Calculate the remainder when f is divided by 2.
1
Let t be 1 + 2 + 5 + 52. Let a = t + -18. Calculate the remainder when a is divided by 15.
12
Let u = -10 + 15. Suppose 3*n = 33 + 39. Calculate the remainder when n is divided by u.
4
Let k(p) = -20*p - 1. Let c be k(2). Let g be c/(-1) + (1 - 3). Suppose 0 = w + 3*m - g, 0 = 4*m - 1 - 3. Calculate the remainder when w is divided by 19.
17
Let s(m) = -119*m**2 - 11*m + 1. Let n(a) = 59*a**2 + 5*a. Let x(y) = 5*n(y) + 2*s(y). Calculate the remainder when x(-1) is divided by 19.
18
Calculate the remain